0
Let u(s) be the first derivative of s**4/4 - 10*s**3/3 + 7*s**2/2 - 13*s - 111. What is u(9)?
-31
Suppose m - 5 = -3. Let c(v) = 2 - v - 11*v**m + v - 1 + v. What is c(-1)?
-11
Let g(s) = -s**3 + 6*s**2 + 9*s - 7. Let h be (-7)/(-7 - -6) - 0/(-2). Determine g(h).
7
Suppose -2*f - 2 = -0. Let z(x) be the second derivative of 7*x**3/6 + x**2/2 - 4*x - 2. Calculate z(f).
-6
Let i = -37 + 39. Let v(a) = 9 - 3*a - 3 + a**i - 1 - 3*a**2. Give v(-4).
-15
Let g = 108 - 113. Let h(l) be the third derivative of -l**5/60 - l**4/6 + l**3 + 24*l**2. What is h(g)?
1
Let o(q) = -4*q**3 - 5*q**2 + q - 1. Let m(c) = 3*c**3 + 5*c**2 - c + 1. Let x(s) = 3*m(s) + 2*o(s). Suppose 3*v - 5 = 4*v. Determine x(v).
6
Let i = -32 - -36. Suppose i*x - 16 = 4. Let q(d) = -x + 4 + d + 5. What is q(-6)?
-2
Let f(x) = 5*x - 6. Let s(w) be the third derivative of 0 + 0*w - 11/24*w**4 - 4*w**2 + 13/6*w**3. Let v(u) = -13*f(u) - 6*s(u). Calculate v(-4).
-4
Let s(r) = r**2 - 9*r + 10. Let i be s(8). Let n(m) = -3*m**2 + 2*m**i - 4*m - 15*m**2 + 1 + 5*m. Calculate n(-1).
-16
Let g(c) = 14*c**3 - 43*c**2 - 43*c - 14. Let t(x) = -5*x**3 + 15*x**2 + 14*x + 5. Let r(h) = 4*g(h) + 11*t(h). Give r(9).
-1
Let w(x) = -x**2 + 10*x - 21. Let b = -864 + 870. Determine w(b).
3
Let c(s) = s**3 + 2*s**2 - 5*s + 2. Let g be (3/2)/(3/6). Let y be c(g). Suppose 3*p + r + 22 = 0, 5*r = -5*p + 3*p - y. Let j(h) = -h**2 - 5*h + 3. Give j(p).
-3
Let o(v) = -v - 3. Suppose -2*j + j - 5 = 3*s, -3*j = -5*s - 41. Calculate o(j).
-10
Let c(l) = l**2 + l - 4. Let f(g) = g**3 + 3*g**2 - 11*g - 5. Let a be f(-5). Calculate c(a).
-4
Suppose 0 = -m + 50*m + 147. Let p(l) = -8*l - l + 0 - 3. What is p(m)?
24
Let k(h) = h**3 + 7*h**2 + 9*h - 3. Let n be k(-3). Let q(w) = w**2 - 5*w - 3. What is q(n)?
3
Let x(l) = 6*l**3 - l + 1. Let n = 0 - -3. Suppose -3*a - n*f + 15 = -a, -a - 20 = -4*f. Suppose -5*d + 5 + a = 0. Give x(d).
6
Let l(v) = 2*v + 1. Let p = -11 - -12. Let o be (3/6)/(p/10). Suppose 2*a = -m + 9 - 2, -3*m + 18 = o*a. Determine l(a).
7
Let l(r) = -r**3 - r + 8. Suppose 5*p - 20 = 0, 3*n + 2*p = n + 2. Let k be 0/(4*3/(-15 - n)). Determine l(k).
8
Let w be -5 - ((-16)/(-10))/(68/(-510)). Let u(m) = m**3 - 6*m**2 - 3*m - 10. What is u(w)?
18
Let f(b) = -6*b + 13. Let c(m) = 5*m - 10. Let x(k) = -3*c(k) - 2*f(k). What is x(-3)?
13
Let j(f) = -15*f**2 - 20*f - 17. Let n(l) = -13*l**2 - 19*l - 16. Let v(b) = -6*j(b) + 7*n(b). What is v(-12)?
2
Let y(z) = z**3 + 1215 + 0*z + 1226 - 15*z**2 - 2451 + 0*z. Calculate y(15).
-10
Let j(o) = -10*o**3 + o**2 + o - 1. Suppose -2*u + 4*l + 14 = 8*l, 4*u + 2*l = 10. Suppose -u = -2*x + x. Give j(x).
-9
Let f(a) = -3*a**3 + 7*a**2 - 17*a + 34. Let o(b) = b**3 - 4*b**2 + 8*b - 17. Let k(l) = 2*f(l) + 5*o(l). Calculate k(-7).
-10
Let o be 5/5*(-2 - -3). Suppose -5 - o = 2*i. Let v(f) = f**2 + 2. Give v(i).
11
Let v(x) be the third derivative of 0*x - 2/3*x**3 + 23*x**2 + 0*x**4 + 1/10*x**5 + 0 + 1/120*x**6. What is v(-6)?
-4
Let a be (7*-1)/(6 + -7). Suppose a*s = -4*s + 8*s. Let i(h) = -h**3 + h**2 - h - 4. Calculate i(s).
-4
Let x(t) = -4*t**2 - t - 3. Suppose 0 = 9*r + 13 + 14. Give x(r).
-36
Let j be -2 + 6 - (-2 + 2 + 0). Suppose -2*o - 7 - 3 = -j*h, -5*h - o + 23 = 0. Let m(g) = -g**3 + 4*g**2 + g - 5. Give m(h).
-1
Let v(o) = -o**2 - 6*o - 9. Let n(z) = -z - 5. Let d be n(6). Suppose 48 = -5*k + 73. Let s = d + k. Calculate v(s).
-9
Let v(z) = -z**2 + 7*z - 1. Let l be v(5). Suppose -l = -3*d + 6. Suppose -f = -d + 3. Let w(s) = -s**3 + 2*s**2 - s - 1. What is w(f)?
-3
Let u(g) = -33*g**2 + 34*g**2 - 5*g + 0 + 4 - 4. Determine u(-4).
36
Let z(h) = -h**3 + h**2 - h - 2. Let s(w) = -7*w**2 + 7*w - 9. Let r(k) = s(k) + z(k). Calculate r(-7).
-4
Suppose 4*o + 3*r = 12, r = -3*o - r + 9. Let v(w) be the first derivative of 0*w - 1/2*w**2 - 4 + 1/4*w**4 + 0*w**o. Calculate v(-1).
0
Let g(a) = a**2 - 5*a + 2. Let s(m) = m**2 - 5*m + 2. Let u(r) = -6*g(r) + 5*s(r). Suppose w - 2*w = -8. Let j = -4 + w. Give u(j).
2
Let z(b) = -b**3 + 2*b**2 - 10*b + 31. Let c be z(3). Let j(q) = q**3 + 7*q**2 - 5*q + 6. Calculate j(c).
-18
Suppose 0*x - 3*h + 55 = 5*x, 0 = 5*x + h - 55. Let d(f) = f**3 - 12*f**2 + 13*f - 26. What is d(x)?
-4
Let r(h) = h. Let s = 23 - 16. Suppose -4*q = s - 27. Calculate r(q).
5
Let x(i) be the third derivative of -i**6/120 + i**5/20 - i**4/24 - i**3/3 + 21*i**2 - 8*i. Determine x(3).
-5
Let u(m) be the first derivative of -7*m**2 - 6*m - 66. Give u(5).
-76
Let a(j) = 13*j**3 + 36*j**2 - 8*j - 23. Let x(v) = 5*v**3 + 12*v**2 - 3*v - 8. Let h(t) = -3*a(t) + 8*x(t). Calculate h(12).
5
Let k(t) be the second derivative of -t**4/6 + t**3/3 - 3*t**2/2 + 23*t. Let c be k(2). Let s(o) = o**2 + 8*o + 2. Calculate s(c).
-5
Let c(v) = -v**3 + 3*v**2 + 4*v - 5. Let d(h) = h**2 - 2*h + 4. Suppose -4*u = -5*z + 17, 5*u - 4*z + 9 = -1. Let k be d(u). Determine c(k).
-5
Let h(z) = -2*z**2 + 5*z - 3. Let j(u) = -10*u**2 + 27*u - 15. Let s(i) = -11*h(i) + 2*j(i). Determine s(2).
9
Let q(x) = -9*x**3 + 6*x**2 - 7*x + 17. Let r(g) = 2*g**3 + g - 4. Let p(b) = q(b) + 5*r(b). Calculate p(-6).
9
Let i(g) = 211226 - 211208 - 2*g + 3*g. Calculate i(-6).
12
Let p(z) be the third derivative of z**6/120 - z**5/60 - z**4/12 - z**3/6 - z**2 + 30*z. Determine p(0).
-1
Let r(d) = d**3 + 2*d**2 + d. Let b(m) = 0*m + 86*m**2 + 1 - 89*m**2 - m - m**3. Let j(p) = 3*b(p) + 4*r(p). What is j(0)?
3
Suppose -s - 2*s = -9. Suppose -m - s*o = -8*o + 10, -m = 5*o. Let u(r) = -r**2 - r + 3. Give u(m).
-17
Let y(b) = b - 6. Let x(q) = 16 + 0*q + q + 9. Let j be x(-19). What is y(j)?
0
Let k(g) = g**3 - 6*g**2 - 8*g + 9. Suppose 28 = 15*u - 11*u. Calculate k(u).
2
Let h(i) = i**3 + 5*i**2 + 6*i. Let s be (2 + -7 + 4 - 4)*5. Let z = s + 21. What is h(z)?
-8
Suppose 0 = 2*a - m - 3, -4*m = 3*a - 5 - 5. Suppose -2*o = -o + 2*n + 3, -a*n = 0. Let w(k) = -2 - 3*k + 5*k + 5. What is w(o)?
-3
Let s = 21 - 22. Let m(t) = t**2 + 9*t - 6. Let i(v) = v**2 - v. Let r(l) = s*m(l) + 3*i(l). Give r(6).
6
Let r(c) = c**3 - 6*c**2 - 10*c + 15. Let l = -110 - -117. Calculate r(l).
-6
Let i(z) = -12*z**3 + 3*z**2 + 11*z + 8. Let w(o) = -5*o**3 + o**2 + 5*o + 4. Let s(v) = 2*i(v) - 5*w(v). Give s(-3).
-13
Suppose 5*z = -4*h + 6, 0 = h - 2*h + 2*z - 5. Let i be (-4)/10 + (-15)/25. Let m = i - h. Let c(u) = -u**3 - u + 1. What is c(m)?
1
Let o(z) = z**2 + 6*z + 3. Suppose -s - 3*s = -3*f + 47, -18 = -f - s. Suppose -4*l - f = -1. Calculate o(l).
-5
Let g(t) = 6*t + 26. Let z(u) = -u - 10. Let m(c) = -g(c) - 3*z(c). Determine m(-3).
13
Let m(y) = y - 18. Let j(f) = -f + 12. Let a(n) = -7*j(n) - 5*m(n). Suppose -3*p = -2*i + 8, -i - 4 = i. Give a(p).
-2
Suppose -3*h = 15, -4*j + 26 = -4*h + 2*h. Suppose i = -n + j, 2*i + 0*i = -n + 4. Let t(p) = 6*p - 2. Determine t(n).
22
Let d(j) = -j + 8. Let i be d(2). Let t(k) = -3*k + 13. Determine t(i).
-5
Suppose 5*r = 3*z - 23, r + 3*z + z = 0. Let d be r - (23 - -1)/(-4). Suppose d - 3 = g. Let w(c) = 2*c**2 + c. Calculate w(g).
1
Let d be (-1 - 1)*-2 - (5 + -6). Let a(c) = -1 + d*c + 3*c - 7*c. What is a(4)?
3
Let k(m) = 207*m - m**2 - 100*m + 1 - 107*m. What is k(2)?
-3
Let a(i) = -4 - 17*i**2 - 358*i + 360*i + 5. Suppose 4*d = d - 3. What is a(d)?
-18
Let u(p) be the third derivative of p**6/120 + p**5/10 - 5*p**4/12 + p**3/6 + 2*p**2. Let a be (-114)/133 + 43/(-7). Determine u(a).
22
Let v(d) = -2*d**3 + 11*d**2 + 3*d - 4. Let q(t) = -3*t**3 + 12*t**2 + 4*t - 4. Let h(x) = 3*q(x) - 4*v(x). Give h(-8).
4
Let a(d) = -d**3 - 5*d**2 + 9*d + 20. Let o be -1 + 98/(-22) - 168/308. What is a(o)?
2
Let l(u) be the second derivative of 0 + 1/2*u**2 - u**3 - 5*u. Let h be (-2)/3 + (-1)/3. Determine l(h).
7
Let y(r) = 3*r**3 + 3*r**2 + 12*r + 9. Let m(v) = -4*v**3 - v**2 - 17*v - 9. Let u(s) = -2*m(s) - 3*y(s). Determine u(-8).
71
Let c(n) = -37*n**2 + 14*n + 23. Let d(i) = -13*i**2 + 5*i + 8. Let k(p) = 6*c(p) - 17*d(p). Determine k(1).
0
Let k(j) = -2*j + 46. Let y(n) = -n + 21. Let m(w) = -4*k(w) + 9*y(w). Determine m(14).
-9
Suppose a = 2*a + 11. Let r(t) = -t**3 - 11*t**2 - 2. Calculate r(a).
-2
Let o(i) = -i**3 - i. Let t(j) = j**3 - 5*j**2 - 2. Suppose v + 3*z - 4*z = 1, 0 = -4*v - 4*z + 12. Let b(f) = v*o(f) + t(f). What is b(-4)?
-10
Let n(p) = -4*p**2 - p. Suppose 0 = 